8 a multiple of 122?
False
Does 47 divide 12689?
False
Is 12096 a multiple of 63?
True
Is 11 a factor of 1265?
True
Is 1890 a multiple of 25?
False
Does 42 divide 6468?
True
Is 24 a factor of 78?
False
Is 506 a multiple of 4?
False
Is 112 a multiple of 16?
True
Is 1449 even?
False
Does 228 divide 10583?
False
Is 3128 a multiple of 136?
True
Does 17 divide 313?
False
Is 3 a factor of 4709?
False
Is 3 a factor of 4392?
True
Is 58 a factor of 26871?
False
Is 5 a factor of 189?
False
Is 7 a factor of 182?
True
Does 65 divide 23855?
True
Does 36 divide 41868?
True
Is 18 a factor of 52?
False
Is 406 a multiple of 14?
True
Is 867 a multiple of 45?
False
Is 5292 a multiple of 14?
True
Is 755 a multiple of 21?
False
Does 13 divide 57?
False
Is 11 a factor of 23696?
False
Is 9 a factor of 216?
True
Is 50 a factor of 4288?
False
Is 2 a factor of 1695?
False
Is 21318 a multiple of 34?
True
Does 2 divide 42?
True
Is 8 a factor of 2700?
False
Does 5 divide 8308?
False
Is 7 a factor of 19666?
False
Is 20 a factor of 2320?
True
Is 90 a factor of 8048?
False
Does 10 divide 80?
True
Does 18 divide 72?
True
Is 80292 a multiple of 74?
False
Is 2572 a multiple of 25?
False
Is 16 a factor of 829?
False
Is 1353 a multiple of 18?
False
Is 36 a factor of 318?
False
Is 708 a multiple of 48?
False
Does 14 divide 5642?
True
Is 671 a multiple of 11?
True
Does 33 divide 1188?
True
Is 255 a multiple of 51?
True
Is 12 a factor of 504?
True
Does 27 divide 223?
False
Is 67 a factor of 1614?
False
Does 3 divide 3?
True
Is 570 a multiple of 60?
False
Is 20 a factor of 767?
False
Does 7 divide 819?
True
Is 316 a factor of 24332?
True
Is 3003 a multiple of 156?
False
Is 150 a factor of 6604?
False
Is 8 a factor of 2696?
True
Is 86 a factor of 5757?
False
Does 14 divide 290?
False
Is 261 a multiple of 16?
False
Is 14 a factor of 5418?
True
Does 205 divide 45305?
True
Is 51157 a multiple of 15?
False
Is 21660 a multiple of 60?
True
Is 174 a multiple of 4?
False
Does 20 divide 4747?
False
Is 770 a multiple of 21?
False
Does 53 divide 901?
True
Does 38 divide 31692?
True
Is 5393 a multiple of 2?
False
Is 8580 a multiple of 15?
True
Is 117 a factor of 55281?
False
Is 59619 a multiple of 17?
True
Is 3729 a multiple of 11?
True
Does 16 divide 208?
True
Is 62 a factor of 32953?
False
Is 85 a factor of 5097?
False
Is 63052 a multiple of 234?
False
Is 28 a factor of 280?
True
Is 1584 a multiple of 18?
True
Is 1037 a multiple of 61?
True
Is 130 a factor of 1183?
False
Is 460 a multiple of 10?
True
Is 8459 a multiple of 2?
False
Is 10 a factor of 1097?
False
Is 24 a factor of 144?
True
Is 10 a factor of 100?
True
Is 20 a factor of 13256?
False
Is 8 a factor of 1776?
True
Is 3480 a multiple of 20?
True
Is 35 a factor of 169?
False
Does 31 divide 44383?
False
Is 8 a factor of 5024?
True
Does 198 divide 6534?
True
Does 12 divide 533?
False
Is 2 a factor of 195?
False
Is 157 a factor of 785?
True
Does 17 divide 2193?
True
Is 29853 a multiple of 93?
True
Does 123 divide 1479?
False
Does 5 divide 508?
False
Does 5 divide 21627?
False
Does 23 divide 12504?
False
Is 87 a factor of 4437?
True
Does 28 divide 3892?
True
Is 4194 a multiple of 51?
False
Is 340 a multiple of 5?
True
Does 51 divide 4539?
True
Does 37 divide 976?
False
Is 1841 a multiple of 31?
False
Is 30 even?
True
Is 46046 a multiple of 182?
True
Is 6916 a multiple of 57?
False
Does 4 divide 1856?
True
Is 111 a multiple of 37?
True
Is 1877 a multiple of 8?
False
Is 4699 a multiple of 59?
False
Is 912 a multiple of 3?
True
Is 466 a multiple of 46?
False
Is 31139 a multiple of 8?
False
Is 19 a factor of 3724?
True
Is 7650 a multiple of 75?
True
Is 76 a factor of 17100?
True
Is 4184 a multiple of 6?
False
Is 3529 a multiple of 83?
False
Does 37 divide 50524?
False
Is 15 a factor of 565?
False
Is 55 a factor of 22795?
False
Is 2017 a multiple of 2?
False
Is 10 a factor of 3246?
False
Is 49476 a multiple of 70?
False
Is 4 a factor of 464?
True
Does 114 divide 4380?
False
Is 3066 a multiple of 35?
False
Does 3 divide 27994?
False
Does 123 divide 5728?
False
Is 7 a factor of 8781?
False
Is 11 a factor of 1353?
True
Does 17 divide 4862?
True
Does 55 divide 4122?
False
Is 3 a factor of 75?
True
Is 6726 a multiple of 24?
False
Does 22 divide 176?
True
Is 32660 a multiple of 92?
True
Is 17 a factor of 22289?
False
Is 228 a multiple of 4?
True
Does 2 divide 79?
False
Is 24 a factor of 1608?
True
Does 9 divide 4896?
True
Is 38071 a multiple of 24?
False
Is 9776 a multiple of 47?
True
Is 26080 a multiple of 163?
True
Is 15 a factor of 1268?
False
Is 573 a multiple of 12?
False
Does 31 divide 3689?
True
Is 8 a multiple of 8?
True
Does 80 divide 3680?
True
Is 259 a factor of 39627?
True
Is 432 a multiple of 23?
False
Does 6 divide 3294?
True
Is 758 a multiple of 7?
False
Is 11 a factor of 7678?
True
Is 481 a multiple of 13?
True
Is 16 a factor of 4304?
True
Is 4 a factor of 229?
False
Does 18 divide 88?
False
Is 18867 a multiple of 51?
False
Is 742 a multiple of 109?
False
Is 14 a factor of 3230?
False
Does 5 divide 75?
True
Is 10 a factor of 36724?
False
Is 4128 a multiple of 58?
False
Is 112 a factor of 1573?
False
Is 870 a multiple of 42?
False
Is 190 a factor of 13346?
False
Is 3 a factor of 1088?
False
Is 34 a factor of 30972?
False
Is 837 a multiple of 9?
True
Does 48 divide 4272?
True
Is 91 a factor of 27391?
True
Is 134 a factor of 4614?
False
Does 6 divide 1083?
False
Is 109 a factor of 12481?
False
Does 8 divide 8099?
False
Does 13 divide 10931?
False
Does 2 divide 115?
False
Is 54 a factor of 2885?
False
Does 25 divide 425?
True
Does 13 divide 632?
False
Does 6 divide 2146?
False
Does 38 divide 1406?
True
Does 17 divide 220?
False
Is 13 a factor of 65?
True
Does 177 divide 10522?
False
Does 48 divide 299?
False
Is 870 a multiple of 16?
False
Is 1600 a multiple of 43?
False
Is 19 a factor of 16473?
True
Does 12 divide 893?
False
Is 154 a multiple of 7?
True
Is 184 a factor of 20608?
True
Is 3 a factor of 482?
False
Is 629 a multiple of 19?
False
Is 91014 a multiple of 22?
True
Does 35 divide 28904?
False
Is 270 a multiple of 5?
True
Is 403 even?
False
Is 38684 a multiple of 20?
False
Is 9 a factor of 32?
False
Is 51 a factor of 1173?
True
Is 27113 a multiple of 19?
True
Does 15 divide 11700?
True
Is 5819 a multiple of 11?
True
Is 2520 a multiple of 105?
True
Is 46 a factor of 12788?
True
Is 31000 a multiple of 5?
True
Is 31 a factor of 465?
True
Is 6119 a multiple of 13?
False
Is 7 a factor of 42216?
False
Is 26955 a multiple of 12?
False
Is 27300 a multiple of 130?
True
Is 159 a multiple of 8?
False
Is 13972 a multiple of 17?
False
Does 34 divide 56440?
True
Is 5640 a multiple of 40?
True
Is 162 a factor of 130627?
False
Does 24 divide 3048?
True
Is 4190 a multiple of 5?
True
Is 5 a factor of 5205?
True
Is 17 a factor of 4216?
True
Is 3897 a multiple of 8?
False
Is 6 a factor of 222?
True
Does 17 divide 37871?
False
Is 33 a factor of 36222?
False
Does 18 divide 10653?
False
Does 13 divide 835?
False
Is 11 a factor of 3540?
False
Is 429 a multiple of 5?
False
Does 234 divide 50544?
True
Is 2070 a multiple of 15?
True
Is 121 a factor of 18302?
False
Does 3 divide 71?
False
Does 31 divide 248?
True
Is 1815 a multiple of 86?
False
Is 16 a factor of 7548?
False
Is 60 a multiple of 10?
True
Is 355 a multiple of 2?
False
Is 38 a factor of 16059?
False
Is 27 a factor of 2835?
True
Is 83538 a multiple of 182?
True
Is 192 a multiple of 6?
True
Is 20 a factor of 334?
False
Does 80 divide 4439?
False
Is 8 a factor of 47286?
False
Is 169 a factor of 3474?
False
Is 30 a factor of 10770?
True
Does 9 divide 3213?
True
Is 3434 a multiple of 17?
True
Is 14 a factor of 153796?
False
Is 4 a factor of 504?
True
Is 2 a factor of 9386?
True
Is 13 a factor of 16419?
True
Does 9 divide 278?
False
Is 5 a factor of 6036?
False
Does 38 divide 5510?
True
Does 121 divide 93291?
True
Is 2200 a multiple of 152?
False
Does 7 divide 9646?
True
Is 19 a multiple of 5?
False
Is 25 a factor of 2013?
False
Is 112 a factor of 46144?
True
Is 79006 a multiple of 69?
False
Does 62 divide 2852?
True
Does 10 divide 1000?
True
Does 17 divide 1190?
True
Is 1412 a multiple of 100?
False
Is 18 a factor of 23200?
False
Does 18 divide 1620?
True
Is 4254 a multiple of 62?
False
Does 26 div